mmon factor of 11 and 5371696.
11
Calculate the greatest common factor of 24 and 12908.
4
What is the highest common divisor of 10734 and 60?
6
Calculate the greatest common factor of 2352 and 672378.
294
Calculate the greatest common divisor of 4688 and 1440388.
1172
What is the highest common divisor of 85 and 315520?
85
What is the greatest common divisor of 85 and 530?
5
Calculate the greatest common factor of 16 and 180464.
16
What is the greatest common divisor of 392 and 81340?
196
Calculate the greatest common factor of 2729970 and 270.
270
Calculate the highest common factor of 1342752 and 384.
96
What is the highest common factor of 93980 and 41440?
740
Calculate the greatest common factor of 319562 and 92.
46
What is the greatest common factor of 1485 and 124190?
55
Calculate the greatest common factor of 335700 and 200.
100
What is the greatest common divisor of 3 and 819720?
3
What is the highest common divisor of 1993805 and 33?
11
Calculate the highest common divisor of 4565 and 3135.
55
What is the highest common factor of 80108 and 140?
28
What is the highest common divisor of 229957 and 98?
49
Calculate the greatest common factor of 8560 and 2260.
20
Calculate the highest common divisor of 10868 and 10076.
44
Calculate the highest common factor of 135434 and 52.
26
What is the highest common divisor of 1563 and 208400?
521
What is the highest common divisor of 1746 and 1337048?
194
Calculate the greatest common divisor of 90663 and 705.
141
Calculate the greatest common factor of 980 and 58835.
35
What is the highest common factor of 5007642 and 6?
6
Calculate the greatest common divisor of 88 and 19976.
88
Calculate the highest common divisor of 2869 and 608.
19
Calculate the greatest common divisor of 2123 and 23463.
11
What is the greatest common factor of 50421 and 399?
21
Calculate the greatest common divisor of 799919 and 19.
19
Calculate the highest common factor of 1311 and 30774.
69
Calculate the highest common factor of 256680 and 4092.
372
Calculate the highest common divisor of 295744 and 16.
16
Calculate the greatest common factor of 6 and 104814.
6
What is the greatest common factor of 9310 and 26866?
266
What is the greatest common divisor of 1272 and 621849?
159
Calculate the highest common divisor of 171 and 3987.
9
Calculate the greatest common divisor of 3261246 and 408.
102
Calculate the greatest common divisor of 52 and 1444131.
13
Calculate the greatest common factor of 1080 and 143235.
135
What is the greatest common divisor of 11944440 and 40?
40
What is the greatest common factor of 59352 and 384?
24
What is the greatest common divisor of 15050 and 875?
175
What is the greatest common divisor of 47679 and 5106?
69
Calculate the highest common divisor of 38 and 1160254.
38
What is the greatest common factor of 1474 and 355234?
1474
Calculate the greatest common divisor of 34068 and 1670.
334
Calculate the greatest common factor of 17169 and 230277.
177
What is the highest common factor of 1885101 and 2406?
1203
What is the highest common factor of 15498 and 702?
54
Calculate the greatest common factor of 210 and 37422.
42
What is the highest common divisor of 10621 and 1273?
19
Calculate the greatest common divisor of 27398 and 1648.
206
What is the highest common divisor of 18426 and 68226?
498
Calculate the greatest common divisor of 25088 and 560.
112
What is the highest common factor of 600 and 20780?
20
What is the highest common divisor of 36797 and 124?
31
Calculate the greatest common factor of 2020 and 100495.
505
What is the highest common divisor of 1184 and 4588?
148
What is the greatest common factor of 12 and 484036?
4
Calculate the highest common divisor of 5962 and 1639.
11
Calculate the highest common factor of 311 and 916517.
311
What is the greatest common divisor of 237094 and 7722?
286
Calculate the greatest common factor of 1677 and 32409.
39
Calculate the highest common factor of 215786 and 23.
23
What is the highest common factor of 1113 and 119?
7
What is the highest common factor of 168 and 6489?
21
What is the highest common factor of 2280 and 1668?
12
What is the greatest common factor of 432261 and 9?
9
What is the highest common divisor of 132 and 1284?
12
Calculate the highest common factor of 42122 and 16.
2
Calculate the greatest common factor of 128207 and 697.
41
What is the greatest common factor of 34850 and 1450?
50
What is the greatest common divisor of 5344434 and 1539?
513
What is the highest common divisor of 9940 and 3745?
35
What is the highest common divisor of 214324 and 88?
44
What is the highest common factor of 418 and 16038?
22
What is the highest common divisor of 330 and 7350?
30
What is the highest common divisor of 215163 and 52?
13
What is the highest common divisor of 426 and 44162?
142
What is the highest common factor of 104328 and 32085?
207
Calculate the highest common divisor of 659708 and 56.
28
Calculate the highest common divisor of 3990 and 33117.
399
What is the highest common factor of 8 and 211192?
8
Calculate the highest common divisor of 1540 and 35154.
14
Calculate the greatest common divisor of 119228 and 1804.
164
What is the highest common divisor of 522962 and 2904?
242
What is the highest common factor of 21113 and 31915?
491
What is the greatest common divisor of 45740 and 2780?
20
Calculate the greatest common factor of 5616 and 80730.
702
Calculate the highest common divisor of 812 and 132153.
203
Calculate the highest common divisor of 119 and 11152.
17
Calculate the highest common factor of 13600 and 34.
34
What is the greatest common divisor of 262 and 99167?
131
Calculate the highest common factor of 97929 and 186.
93
What is the greatest common divisor of 2270 and 6820?
10
What is the highest common factor of 504 and 17406?
18
Calculate the highest common divisor of 2560 and 996.
4
What is the highest common factor of 16182 and 124?
62
What is the greatest common divisor of 20629 and 28?
7
Calculate the highest common divisor of 338 and 975.
13
What is the greatest common factor of 89392 and 5436?
604
Calculate the highest common divisor of 880880 and 336.
112
What is the greatest common factor of 1492524 and 88?
44
What is the highest common divisor of 115 and 48155?
5
Calculate the greatest common divisor of 5 and 26165.
5
Calculate the greatest common divisor of 172267 and 682.
31
Calculate the greatest common divisor of 126 and 11142.
18
Calculate the greatest common divisor of 18000 and 30204.
36
Calculate the greatest common divisor of 6692859 and 1314.
657
Calculate the highest common factor of 78 and 32142.
6
Calculate the greatest common factor of 1498772 and 506.
506
What is the highest common factor of 9445560 and 120?
120
Calculate the highest common factor of 5771 and 62884.
199
What is the greatest common factor of 26289 and 376047?
1143
What is the highest common factor of 759188 and 4?
4
What is the highest common factor of 66 and 1572582?
66
Calculate the greatest common factor of 3663 and 2277.
99
What is the highest common divisor of 10624 and 3?
1
What is the greatest common divisor of 31905 and 495?
45
What is the highest common factor of 115 and 29417?
23
Calculate the greatest common factor of 3776 and 2124.
236
Calculate the greatest common divisor of 15 and 230720.
5
Calculate the highest common divisor of 161 and 25001.
23
What is the greatest common factor of 15285 and 3555?
15
Calculate the highest common factor of 26620 and 495.
55
What is the greatest common divisor of 25251 and 19?
19
What is the highest common factor of 11993 and 10382?
179
Calculate the greatest common divisor of 109160 and 920.
40
Calculate the highest common factor of 30 and 567330.
30
Calculate the greatest common factor of 57526 and 2009.
49
What is the greatest common divisor of 80 and 18032?
16
What is the highest common divisor of 336 and 148092?
84
What is the highest common divisor of 2096 and 205146?
262
What is the greatest common factor of 24 and 48038?
2
Calculate the greatest common divisor of 369 and 34563.
123
Calculate the highest common divisor of 49364 and 516.
172
Calculate the greatest common divisor of 122042 and 139.
139
Calculate the greatest common divisor of 146 and 22628.
2
What is the hig